{"id":1768,"date":"2025-12-26T16:25:13","date_gmt":"2025-12-26T21:25:13","guid":{"rendered":"https:\/\/www.iglesiaidges.org\/?page_id=1768"},"modified":"2026-02-27T07:20:10","modified_gmt":"2026-02-27T12:20:10","slug":"cuerpo-pastoral-zona-2-regional-costa","status":"publish","type":"page","link":"https:\/\/www.iglesiaidges.org\/index.php\/cuerpo-pastoral-zona-2-regional-costa\/","title":{"rendered":"Cuerpo pastoral zona 2 Regional Costa"},"content":{"rendered":"\t\t<div data-elementor-type=\"wp-page\" data-elementor-id=\"1768\" class=\"elementor elementor-1768\" data-elementor-post-type=\"page\">\n\t\t\t\t<div class=\"elementor-element elementor-element-d034987 e-flex e-con-boxed e-con e-parent\" data-id=\"d034987\" data-element_type=\"container\">\n\t\t\t\t\t<div class=\"e-con-inner\">\n\t\t\t\t<div class=\"elementor-element elementor-element-8301489 elementor-widget elementor-widget-heading\" data-id=\"8301489\" data-element_type=\"widget\" data-widget_type=\"heading.default\">\n\t\t\t\t\t<h2 class=\"elementor-heading-title elementor-size-default\">Cuerpo pastoral zona 2 Regional costa<\/h2>\t\t\t\t<\/div>\n\t\t\t\t\t<\/div>\n\t\t\t\t<\/div>\n\t\t<div class=\"elementor-element elementor-element-241a5df e-flex e-con-boxed e-con e-parent\" data-id=\"241a5df\" data-element_type=\"container\">\n\t\t\t\t\t<div class=\"e-con-inner\">\n\t\t<div class=\"elementor-element elementor-element-d7f3457 e-con-full e-flex e-con e-child\" data-id=\"d7f3457\" data-element_type=\"container\">\n\t\t\t\t<div class=\"elementor-element elementor-element-3be9d67 elementor-author-box--layout-image-above elementor-author-box--align-center eael_liquid_glass-effect1 eael_liquid_glass_shadow-effect1 elementor-widget elementor-widget-author-box\" data-id=\"3be9d67\" data-element_type=\"widget\" data-widget_type=\"author-box.default\">\n\t\t\t\t\t\t\t<div class=\"elementor-author-box\">\n\t\t\t\t\t\t\t<div  class=\"elementor-author-box__avatar\">\n\t\t\t\t\t<img decoding=\"async\" src=\"https:\/\/www.iglesiaidges.org\/wp-content\/uploads\/2025\/12\/wiberto-1-225x300.jpg\" alt=\"Picture of SUPERVISOR\" loading=\"lazy\">\n\t\t\t\t<\/div>\n\t\t\t\n\t\t\t<div class=\"elementor-author-box__text\">\n\t\t\t\t\t\t\t\t\t<div >\n\t\t\t\t\t\t<h4 class=\"elementor-author-box__name\">\n\t\t\t\t\t\t\tSUPERVISOR\t\t\t\t\t\t<\/h4>\n\t\t\t\t\t<\/div>\n\t\t\t\t\n\t\t\t\t\t\t\t\t\t<div class=\"elementor-author-box__bio\">\n\t\t\t\t\t\t<p>Pastor Ordenado. Wilfredo de Jes\u00fas Ricardo Fl\u00f3rez<\/p>\n\t\t\t\t\t<\/div>\n\t\t\t\t\n\t\t\t\t\t\t\t\t\t<a class=\"elementor-author-box__button elementor-button elementor-size-xs\" href=\"https:\/\/www.iglesiaidges.org\/index.php\/wilfredo-de-jesus-ricardo-florez\/\">\n\t\t\t\t\t\tVER PERFIL \t\t\t\t\t<\/a>\n\t\t\t\t\t\t\t<\/div>\n\t\t<\/div>\n\t\t\t\t\t\t<\/div>\n\t\t\t\t<\/div>\n\t\t<div class=\"elementor-element elementor-element-7a914eb e-con-full e-flex e-con e-child\" data-id=\"7a914eb\" data-element_type=\"container\">\n\t\t\t\t<div class=\"elementor-element elementor-element-426166e elementor-author-box--layout-image-above elementor-author-box--align-center eael_liquid_glass-effect1 eael_liquid_glass_shadow-effect1 elementor-widget elementor-widget-author-box\" data-id=\"426166e\" data-element_type=\"widget\" data-widget_type=\"author-box.default\">\n\t\t\t\t\t\t\t<div class=\"elementor-author-box\">\n\t\t\t\t\t\t\t<div  class=\"elementor-author-box__avatar\">\n\t\t\t\t\t<img decoding=\"async\" src=\"https:\/\/www.iglesiaidges.org\/wp-content\/uploads\/2025\/12\/hugo-nelson-arias-contreras-iglesia-sahagun-cordoba.jpeg\" alt=\"Picture of COORDINADOR\" loading=\"lazy\">\n\t\t\t\t<\/div>\n\t\t\t\n\t\t\t<div class=\"elementor-author-box__text\">\n\t\t\t\t\t\t\t\t\t<div >\n\t\t\t\t\t\t<h5 class=\"elementor-author-box__name\">\n\t\t\t\t\t\t\tCOORDINADOR\t\t\t\t\t\t<\/h5>\n\t\t\t\t\t<\/div>\n\t\t\t\t\n\t\t\t\t\t\t\t\t\t<div class=\"elementor-author-box__bio\">\n\t\t\t\t\t\t<p>Pastor aspirante. Hugo Nelson Arias contreras<\/p>\n\t\t\t\t\t<\/div>\n\t\t\t\t\n\t\t\t\t\t\t\t<\/div>\n\t\t<\/div>\n\t\t\t\t\t\t<\/div>\n\t\t\t\t<\/div>\n\t\t\t\t\t<\/div>\n\t\t\t\t<\/div>\n\t\t<div class=\"elementor-element elementor-element-b7a5a09 e-flex e-con-boxed e-con e-parent\" data-id=\"b7a5a09\" data-element_type=\"container\">\n\t\t\t\t\t<div class=\"e-con-inner\">\n\t\t<div class=\"elementor-element elementor-element-98b264a e-con-full e-flex e-con e-child\" data-id=\"98b264a\" data-element_type=\"container\">\n\t\t\t\t<div class=\"elementor-element elementor-element-8bfb854 elementor-author-box--layout-image-above elementor-author-box--align-center eael_liquid_glass-effect1 eael_liquid_glass_shadow-effect1 elementor-widget elementor-widget-author-box\" data-id=\"8bfb854\" data-element_type=\"widget\" data-widget_type=\"author-box.default\">\n\t\t\t\t\t\t\t<div class=\"elementor-author-box\">\n\t\t\t\t\t\t\t<div  class=\"elementor-author-box__avatar\">\n\t\t\t\t\t<img decoding=\"async\" src=\"https:\/\/www.iglesiaidges.org\/wp-content\/uploads\/2025\/12\/Deibys-Lopez-Perez-Diacono-Encargado-Iglesia-San-Marcos-Sucre.jpg\" alt=\"Picture of Pastor aspirante.  Deibys Andr\u00e9s L\u00f3pez P\u00e9rez\" loading=\"lazy\">\n\t\t\t\t<\/div>\n\t\t\t\n\t\t\t<div class=\"elementor-author-box__text\">\n\t\t\t\t\t\t\t\t\t<div >\n\t\t\t\t\t\t<h4 class=\"elementor-author-box__name\">\n\t\t\t\t\t\t\tPastor aspirante.  Deibys Andr\u00e9s L\u00f3pez P\u00e9rez\t\t\t\t\t\t<\/h4>\n\t\t\t\t\t<\/div>\n\t\t\t\t\n\t\t\t\t\t\t\t\t\t<div class=\"elementor-author-box__bio\">\n\t\t\t\t\t\t<p>Iglesia IDGES San Marcos Sucre <\/p>\n\t\t\t\t\t<\/div>\n\t\t\t\t\n\t\t\t\t\t\t\t<\/div>\n\t\t<\/div>\n\t\t\t\t\t\t<\/div>\n\t\t\t\t<\/div>\n\t\t<div class=\"elementor-element elementor-element-bf13846 e-con-full e-flex e-con e-child\" data-id=\"bf13846\" data-element_type=\"container\">\n\t\t\t\t<div class=\"elementor-element elementor-element-830d237 elementor-author-box--layout-image-above elementor-author-box--align-center eael_liquid_glass-effect1 eael_liquid_glass_shadow-effect1 elementor-widget elementor-widget-author-box\" data-id=\"830d237\" data-element_type=\"widget\" data-widget_type=\"author-box.default\">\n\t\t\t\t\t\t\t<div class=\"elementor-author-box\">\n\t\t\t\t\t\t\t<div  class=\"elementor-author-box__avatar\">\n\t\t\t\t\t<img decoding=\"async\" src=\"https:\/\/www.iglesiaidges.org\/wp-content\/uploads\/2025\/12\/FOTO-EN-BLANCO.jpg\" alt=\"Picture of Vacante\" loading=\"lazy\">\n\t\t\t\t<\/div>\n\t\t\t\n\t\t\t<div class=\"elementor-author-box__text\">\n\t\t\t\t\t\t\t\t\t<div >\n\t\t\t\t\t\t<h4 class=\"elementor-author-box__name\">\n\t\t\t\t\t\t\tVacante\t\t\t\t\t\t<\/h4>\n\t\t\t\t\t<\/div>\n\t\t\t\t\n\t\t\t\t\t\t\t\t\t<div class=\"elementor-author-box__bio\">\n\t\t\t\t\t\t<p>Iglesia IDGES Guaranda Sucre   <\/p>\n\t\t\t\t\t<\/div>\n\t\t\t\t\n\t\t\t\t\t\t\t<\/div>\n\t\t<\/div>\n\t\t\t\t\t\t<\/div>\n\t\t\t\t<\/div>\n\t\t<div class=\"elementor-element elementor-element-f23a27c e-con-full e-flex e-con e-child\" data-id=\"f23a27c\" data-element_type=\"container\">\n\t\t\t\t<div class=\"elementor-element elementor-element-7b9e560 elementor-author-box--layout-image-above elementor-author-box--align-center eael_liquid_glass-effect1 eael_liquid_glass_shadow-effect1 elementor-widget elementor-widget-author-box\" data-id=\"7b9e560\" data-element_type=\"widget\" data-widget_type=\"author-box.default\">\n\t\t\t\t\t\t\t<div class=\"elementor-author-box\">\n\t\t\t\t\t\t\t<div  class=\"elementor-author-box__avatar\">\n\t\t\t\t\t<img decoding=\"async\" src=\"https:\/\/www.iglesiaidges.org\/wp-content\/uploads\/2025\/12\/hugo-nelson-arias-contreras-iglesia-sahagun-cordoba.jpeg\" alt=\"Picture of Pastor aspirante. Hugo Nelson Arias Contreras \" loading=\"lazy\">\n\t\t\t\t<\/div>\n\t\t\t\n\t\t\t<div class=\"elementor-author-box__text\">\n\t\t\t\t\t\t\t\t\t<div >\n\t\t\t\t\t\t<h5 class=\"elementor-author-box__name\">\n\t\t\t\t\t\t\tPastor aspirante. Hugo Nelson Arias Contreras \t\t\t\t\t\t<\/h5>\n\t\t\t\t\t<\/div>\n\t\t\t\t\n\t\t\t\t\t\t\t\t\t<div class=\"elementor-author-box__bio\">\n\t\t\t\t\t\t<p>Iglesia IDGES Sahag\u00fan C\u00f3rdoba  <\/p>\n\t\t\t\t\t<\/div>\n\t\t\t\t\n\t\t\t\t\t\t\t<\/div>\n\t\t<\/div>\n\t\t\t\t\t\t<\/div>\n\t\t\t\t<\/div>\n\t\t<div class=\"elementor-element elementor-element-c1dfba9 e-con-full e-flex e-con e-child\" data-id=\"c1dfba9\" data-element_type=\"container\">\n\t\t\t\t<div class=\"elementor-element elementor-element-a900e02 elementor-author-box--layout-image-above elementor-author-box--align-center eael_liquid_glass-effect1 eael_liquid_glass_shadow-effect1 elementor-widget elementor-widget-author-box\" data-id=\"a900e02\" data-element_type=\"widget\" data-widget_type=\"author-box.default\">\n\t\t\t\t\t\t\t<div class=\"elementor-author-box\">\n\t\t\t\t\t\t\t<div  class=\"elementor-author-box__avatar\">\n\t\t\t\t\t<img decoding=\"async\" src=\"https:\/\/www.iglesiaidges.org\/wp-content\/uploads\/2025\/12\/hugo-nelson-arias-contreras-iglesia-sahagun-cordoba.jpeg\" alt=\"Picture of Pastor aspirante. Hugo Nelson Arias Contreras\" loading=\"lazy\">\n\t\t\t\t<\/div>\n\t\t\t\n\t\t\t<div class=\"elementor-author-box__text\">\n\t\t\t\t\t\t\t\t\t<div >\n\t\t\t\t\t\t<h4 class=\"elementor-author-box__name\">\n\t\t\t\t\t\t\tPastor aspirante. Hugo Nelson Arias Contreras\t\t\t\t\t\t<\/h4>\n\t\t\t\t\t<\/div>\n\t\t\t\t\n\t\t\t\t\t\t\t\t\t<div class=\"elementor-author-box__bio\">\n\t\t\t\t\t\t<p>Iglesia IDGES Ci\u00e9naga de Oro C\u00f3rdoba <\/p>\n\t\t\t\t\t<\/div>\n\t\t\t\t\n\t\t\t\t\t\t\t<\/div>\n\t\t<\/div>\n\t\t\t\t\t\t<\/div>\n\t\t\t\t<\/div>\n\t\t\t\t\t<\/div>\n\t\t\t\t<\/div>\n\t\t\t\t<\/div>\n\t\t","protected":false},"excerpt":{"rendered":"<p>Cuerpo pastoral zona 2 Regional costa<\/p>\n","protected":false},"author":1,"featured_media":0,"parent":0,"menu_order":0,"comment_status":"closed","ping_status":"closed","template":"","meta":{"site-sidebar-layout":"no-sidebar","site-content-layout":"","ast-site-content-layout":"full-width-container","site-content-style":"default","site-sidebar-style":"default","ast-global-header-display":"","ast-banner-title-visibility":"","ast-main-header-display":"","ast-hfb-above-header-display":"","ast-hfb-below-header-display":"","ast-hfb-mobile-header-display":"","site-post-title":"disabled","ast-breadcrumbs-content":"","ast-featured-img":"disabled","footer-sml-layout":"","ast-disable-related-posts":"","theme-transparent-header-meta":"","adv-header-id-meta":"","stick-header-meta":"","header-above-stick-meta":"","header-main-stick-meta":"","header-below-stick-meta":"","astra-migrate-meta-layouts":"default","ast-page-background-enabled":"default","ast-page-background-meta":{"desktop":{"background-color":"var(--ast-global-color-5)","background-image":"","background-repeat":"repeat","background-position":"center center","background-size":"auto","background-attachment":"scroll","background-type":"","background-media":"","overlay-type":"","overlay-color":"","overlay-opacity":"","overlay-gradient":""},"tablet":{"background-color":"","background-image":"","background-repeat":"repeat","background-position":"center center","background-size":"auto","background-attachment":"scroll","background-type":"","background-media":"","overlay-type":"","overlay-color":"","overlay-opacity":"","overlay-gradient":""},"mobile":{"background-color":"","background-image":"","background-repeat":"repeat","background-position":"center center","background-size":"auto","background-attachment":"scroll","background-type":"","background-media":"","overlay-type":"","overlay-color":"","overlay-opacity":"","overlay-gradient":""}},"ast-content-background-meta":{"desktop":{"background-color":"var(--ast-global-color-4)","background-image":"","background-repeat":"repeat","background-position":"center center","background-size":"auto","background-attachment":"scroll","background-type":"","background-media":"","overlay-type":"","overlay-color":"","overlay-opacity":"","overlay-gradient":""},"tablet":{"background-color":"var(--ast-global-color-4)","background-image":"","background-repeat":"repeat","background-position":"center center","background-size":"auto","background-attachment":"scroll","background-type":"","background-media":"","overlay-type":"","overlay-color":"","overlay-opacity":"","overlay-gradient":""},"mobile":{"background-color":"var(--ast-global-color-4)","background-image":"","background-repeat":"repeat","background-position":"center center","background-size":"auto","background-attachment":"scroll","background-type":"","background-media":"","overlay-type":"","overlay-color":"","overlay-opacity":"","overlay-gradient":""}},"footnotes":""},"class_list":["post-1768","page","type-page","status-publish","hentry"],"_links":{"self":[{"href":"https:\/\/www.iglesiaidges.org\/index.php\/wp-json\/wp\/v2\/pages\/1768","targetHints":{"allow":["GET"]}}],"collection":[{"href":"https:\/\/www.iglesiaidges.org\/index.php\/wp-json\/wp\/v2\/pages"}],"about":[{"href":"https:\/\/www.iglesiaidges.org\/index.php\/wp-json\/wp\/v2\/types\/page"}],"author":[{"embeddable":true,"href":"https:\/\/www.iglesiaidges.org\/index.php\/wp-json\/wp\/v2\/users\/1"}],"replies":[{"embeddable":true,"href":"https:\/\/www.iglesiaidges.org\/index.php\/wp-json\/wp\/v2\/comments?post=1768"}],"version-history":[{"count":67,"href":"https:\/\/www.iglesiaidges.org\/index.php\/wp-json\/wp\/v2\/pages\/1768\/revisions"}],"predecessor-version":[{"id":4862,"href":"https:\/\/www.iglesiaidges.org\/index.php\/wp-json\/wp\/v2\/pages\/1768\/revisions\/4862"}],"wp:attachment":[{"href":"https:\/\/www.iglesiaidges.org\/index.php\/wp-json\/wp\/v2\/media?parent=1768"}],"curies":[{"name":"wp","href":"https:\/\/api.w.org\/{rel}","templated":true}]}}

<div data-elementor-type="wp-page" data-elementor-id="1768" class="elementor elementor-1768" data-elementor-post-type="page">
				<div class="elementor-element elementor-element-d034987 e-flex e-con-boxed e-con e-parent" data-id="d034987" data-element_type="container">
					<div class="e-con-inner">
				<div class="elementor-element elementor-element-8301489 elementor-widget elementor-widget-heading" data-id="8301489" data-element_type="widget" data-widget_type="heading.default">
					<h2 class="elementor-heading-title elementor-size-default">Cuerpo pastoral zona 2 Regional costa</h2>				</div>
					</div>
				</div>
		<div class="elementor-element elementor-element-241a5df e-flex e-con-boxed e-con e-parent" data-id="241a5df" data-element_type="container">
					<div class="e-con-inner">
		<div class="elementor-element elementor-element-d7f3457 e-con-full e-flex e-con e-child" data-id="d7f3457" data-element_type="container">
				<div class="elementor-element elementor-element-3be9d67 elementor-author-box--layout-image-above elementor-author-box--align-center eael_liquid_glass-effect1 eael_liquid_glass_shadow-effect1 elementor-widget elementor-widget-author-box" data-id="3be9d67" data-element_type="widget" data-widget_type="author-box.default">
							<div class="elementor-author-box">
							<div  class="elementor-author-box__avatar">
					<img decoding="async" src="https://www.iglesiaidges.org/wp-content/uploads/2025/12/wiberto-1-225x300.jpg" alt="Picture of SUPERVISOR" loading="lazy">
				</div>
			
			<div class="elementor-author-box__text">
									<div >
						<h4 class="elementor-author-box__name">
							SUPERVISOR						</h4>
					</div>
				
									<div class="elementor-author-box__bio">
						<p>Pastor Ordenado. Wilfredo de Jesús Ricardo Flórez</p>
					</div>
				
									<a class="elementor-author-box__button elementor-button elementor-size-xs" href="https://www.iglesiaidges.org/index.php/wilfredo-de-jesus-ricardo-florez/">
						VER PERFIL 					</a>
							</div>
		</div>
						</div>
				</div>
		<div class="elementor-element elementor-element-7a914eb e-con-full e-flex e-con e-child" data-id="7a914eb" data-element_type="container">
				<div class="elementor-element elementor-element-426166e elementor-author-box--layout-image-above elementor-author-box--align-center eael_liquid_glass-effect1 eael_liquid_glass_shadow-effect1 elementor-widget elementor-widget-author-box" data-id="426166e" data-element_type="widget" data-widget_type="author-box.default">
							<div class="elementor-author-box">
							<div  class="elementor-author-box__avatar">
					<img decoding="async" src="https://www.iglesiaidges.org/wp-content/uploads/2025/12/hugo-nelson-arias-contreras-iglesia-sahagun-cordoba.jpeg" alt="Picture of COORDINADOR" loading="lazy">
				</div>
			
			<div class="elementor-author-box__text">
									<div >
						<h5 class="elementor-author-box__name">
							COORDINADOR						</h5>
					</div>
				
									<div class="elementor-author-box__bio">
						<p>Pastor aspirante. Hugo Nelson Arias contreras</p>
					</div>
				
							</div>
		</div>
						</div>
				</div>
					</div>
				</div>
		<div class="elementor-element elementor-element-b7a5a09 e-flex e-con-boxed e-con e-parent" data-id="b7a5a09" data-element_type="container">
					<div class="e-con-inner">
		<div class="elementor-element elementor-element-98b264a e-con-full e-flex e-con e-child" data-id="98b264a" data-element_type="container">
				<div class="elementor-element elementor-element-8bfb854 elementor-author-box--layout-image-above elementor-author-box--align-center eael_liquid_glass-effect1 eael_liquid_glass_shadow-effect1 elementor-widget elementor-widget-author-box" data-id="8bfb854" data-element_type="widget" data-widget_type="author-box.default">
							<div class="elementor-author-box">
							<div  class="elementor-author-box__avatar">
					<img decoding="async" src="https://www.iglesiaidges.org/wp-content/uploads/2025/12/Deibys-Lopez-Perez-Diacono-Encargado-Iglesia-San-Marcos-Sucre.jpg" alt="Picture of Pastor aspirante.  Deibys Andrés López Pérez" loading="lazy">
				</div>
			
			<div class="elementor-author-box__text">
									<div >
						<h4 class="elementor-author-box__name">
							Pastor aspirante.  Deibys Andrés López Pérez						</h4>
					</div>
				
									<div class="elementor-author-box__bio">
						<p>Iglesia IDGES San Marcos Sucre </p>
					</div>
				
							</div>
		</div>
						</div>
				</div>
		<div class="elementor-element elementor-element-bf13846 e-con-full e-flex e-con e-child" data-id="bf13846" data-element_type="container">
				<div class="elementor-element elementor-element-830d237 elementor-author-box--layout-image-above elementor-author-box--align-center eael_liquid_glass-effect1 eael_liquid_glass_shadow-effect1 elementor-widget elementor-widget-author-box" data-id="830d237" data-element_type="widget" data-widget_type="author-box.default">
							<div class="elementor-author-box">
							<div  class="elementor-author-box__avatar">
					<img decoding="async" src="https://www.iglesiaidges.org/wp-content/uploads/2025/12/FOTO-EN-BLANCO.jpg" alt="Picture of Vacante" loading="lazy">
				</div>
			
			<div class="elementor-author-box__text">
									<div >
						<h4 class="elementor-author-box__name">
							Vacante						</h4>
					</div>
				
									<div class="elementor-author-box__bio">
						<p>Iglesia IDGES Guaranda Sucre   </p>
					</div>
				
							</div>
		</div>
						</div>
				</div>
		<div class="elementor-element elementor-element-f23a27c e-con-full e-flex e-con e-child" data-id="f23a27c" data-element_type="container">
				<div class="elementor-element elementor-element-7b9e560 elementor-author-box--layout-image-above elementor-author-box--align-center eael_liquid_glass-effect1 eael_liquid_glass_shadow-effect1 elementor-widget elementor-widget-author-box" data-id="7b9e560" data-element_type="widget" data-widget_type="author-box.default">
							<div class="elementor-author-box">
							<div  class="elementor-author-box__avatar">
					<img decoding="async" src="https://www.iglesiaidges.org/wp-content/uploads/2025/12/hugo-nelson-arias-contreras-iglesia-sahagun-cordoba.jpeg" alt="Picture of Pastor aspirante. Hugo Nelson Arias Contreras " loading="lazy">
				</div>
			
			<div class="elementor-author-box__text">
									<div >
						<h5 class="elementor-author-box__name">
							Pastor aspirante. Hugo Nelson Arias Contreras 						</h5>
					</div>
				
									<div class="elementor-author-box__bio">
						<p>Iglesia IDGES Sahagún Córdoba  </p>
					</div>
				
							</div>
		</div>
						</div>
				</div>
		<div class="elementor-element elementor-element-c1dfba9 e-con-full e-flex e-con e-child" data-id="c1dfba9" data-element_type="container">
				<div class="elementor-element elementor-element-a900e02 elementor-author-box--layout-image-above elementor-author-box--align-center eael_liquid_glass-effect1 eael_liquid_glass_shadow-effect1 elementor-widget elementor-widget-author-box" data-id="a900e02" data-element_type="widget" data-widget_type="author-box.default">
							<div class="elementor-author-box">
							<div  class="elementor-author-box__avatar">
					<img decoding="async" src="https://www.iglesiaidges.org/wp-content/uploads/2025/12/hugo-nelson-arias-contreras-iglesia-sahagun-cordoba.jpeg" alt="Picture of Pastor aspirante. Hugo Nelson Arias Contreras" loading="lazy">
				</div>
			
			<div class="elementor-author-box__text">
									<div >
						<h4 class="elementor-author-box__name">
							Pastor aspirante. Hugo Nelson Arias Contreras						</h4>
					</div>
				
									<div class="elementor-author-box__bio">
						<p>Iglesia IDGES Ciénaga de Oro Córdoba </p>
					</div>
				
							</div>
		</div>
						</div>
				</div>
					</div>
				</div>
				</div>
