{"id":2245,"date":"2025-12-27T08:35:01","date_gmt":"2025-12-27T13:35:01","guid":{"rendered":"https:\/\/www.iglesiaidges.org\/?page_id=2245"},"modified":"2026-02-27T10:43:08","modified_gmt":"2026-02-27T15:43:08","slug":"iglesia-alto-ford-sincelejo","status":"publish","type":"page","link":"https:\/\/www.iglesiaidges.org\/index.php\/iglesia-alto-ford-sincelejo\/","title":{"rendered":"Iglesia Alto Ford Sincelejo"},"content":{"rendered":"\t\t<div data-elementor-type=\"wp-page\" data-elementor-id=\"2245\" class=\"elementor elementor-2245\" data-elementor-post-type=\"page\">\n\t\t\t\t<div class=\"elementor-element elementor-element-d5576eb e-flex e-con-boxed e-con e-parent\" data-id=\"d5576eb\" data-element_type=\"container\">\n\t\t\t\t\t<div class=\"e-con-inner\">\n\t\t\t\t<div class=\"elementor-element elementor-element-1b43392 elementor-widget elementor-widget-heading\" data-id=\"1b43392\" data-element_type=\"widget\" data-widget_type=\"heading.default\">\n\t\t\t\t\t<h2 class=\"elementor-heading-title elementor-size-default\">Iglesia IDGES Alto Ford Sincelejo <\/h2>\t\t\t\t<\/div>\n\t\t\t\t\t<\/div>\n\t\t\t\t<\/div>\n\t\t<div class=\"elementor-element elementor-element-bdb132c e-flex e-con-boxed e-con e-parent\" data-id=\"bdb132c\" data-element_type=\"container\">\n\t\t\t\t\t<div class=\"e-con-inner\">\n\t\t<div class=\"elementor-element elementor-element-ccd114b e-con-full e-flex e-con e-child\" data-id=\"ccd114b\" data-element_type=\"container\">\n\t\t\t\t<div class=\"elementor-element elementor-element-3b3ee6e elementor-cta--skin-classic elementor-animated-content elementor-bg-transform elementor-bg-transform-zoom-in eael_liquid_glass-effect1 eael_liquid_glass_shadow-effect1 elementor-widget elementor-widget-call-to-action\" data-id=\"3b3ee6e\" data-element_type=\"widget\" data-widget_type=\"call-to-action.default\">\n\t\t\t\t\t\t\t<div class=\"elementor-cta\">\n\t\t\t\t\t<div class=\"elementor-cta__bg-wrapper\">\n\t\t\t\t<div class=\"elementor-cta__bg elementor-bg\" style=\"background-image: url(https:\/\/www.iglesiaidges.org\/wp-content\/uploads\/2025\/12\/foto-alto-ford-sincelejo-sucre.jpg);\" role=\"img\" aria-label=\"foto alto ford sincelejo sucre\"><\/div>\n\t\t\t\t<div class=\"elementor-cta__bg-overlay\"><\/div>\n\t\t\t<\/div>\n\t\t\t\t\t\t\t<div class=\"elementor-cta__content\">\n\t\t\t\t\n\t\t\t\t\t\t\t\t\t<h5 class=\"elementor-cta__title elementor-cta__content-item elementor-content-item\">\n\t\t\t\t\t\tCalle 13 # 22-41  altoford@iglesiaidges.org\t\t\t\t\t<\/h5>\n\t\t\t\t\n\t\t\t\t\n\t\t\t\t\t\t\t\t\t<div class=\"elementor-cta__button-wrapper elementor-cta__content-item elementor-content-item \">\n\t\t\t\t\t<a class=\"elementor-cta__button elementor-button elementor-size-\" href=\"https:\/\/www.iglesiaidges.org\/index.php\/zona-3-regional-costa\/\">\n\t\t\t\t\t\tVER TODA LA ZONA\t\t\t\t\t<\/a>\n\t\t\t\t\t<\/div>\n\t\t\t\t\t\t\t<\/div>\n\t\t\t\t\t\t<\/div>\n\t\t\t\t\t\t<\/div>\n\t\t\t\t<\/div>\n\t\t<div class=\"elementor-element elementor-element-e029e92 e-con-full e-flex e-con e-child\" data-id=\"e029e92\" data-element_type=\"container\">\n\t\t\t\t<div class=\"elementor-element elementor-element-7cef7e5 elementor-widget elementor-widget-text-editor\" data-id=\"7cef7e5\" data-element_type=\"widget\" data-widget_type=\"text-editor.default\">\n\t\t\t\t\t\t\t\t\t<h3><em><strong>Servicio Congregacional<\/strong><\/em><\/h3><ul><li>Domingos: 8:00 AM y 11:00 AM Predicaci\u00f3n<\/li><li>Martes: 7:00 PM Predicaci\u00f3n<\/li><li>Mi\u00e9rcoles: 9:00 AM. Entrega de ayuno<\/li><li>Jueves: 7:00 PM. Predicaci\u00f3n<\/li><li>Viernes: 7:00 PM. Alabanza<\/li><li>S\u00e1bados: 8:00 a 10:00 consejer\u00eda<br \/>10:00 AM. ayuno<br \/>5:00 PM. Culto de j\u00f3venes<\/li><\/ul><p><em>Nuestras puertas est\u00e1n abiertas para ti y tu familia.<\/em><br \/><em>Ven a adorar a Dios con nosotros y permite que el Esp\u00edritu Santo sane, restaure y transforme tu vida.<\/em><br \/><em>Dios tiene algo especial<\/em> <em>preparado para ti.<\/em><\/p><p><strong>Pastor Ordenado.<\/strong> <a href=\"https:\/\/www.iglesiaidges.org\/index.php\/wilfredo-de-jesus-ricardo-florez\/\"><em>Wilfrido de Jes\u00fas Ricardo Fl\u00f3rez\u00a0\u00a0<\/em><\/a><\/p>\t\t\t\t\t\t\t\t<\/div>\n\t\t\t\t<\/div>\n\t\t\t\t\t<\/div>\n\t\t\t\t<\/div>\n\t\t<div class=\"elementor-element elementor-element-85690c8 e-flex e-con-boxed e-con e-parent\" data-id=\"85690c8\" data-element_type=\"container\">\n\t\t\t\t\t<div class=\"e-con-inner\">\n\t\t\t\t\t<\/div>\n\t\t\t\t<\/div>\n\t\t\t\t<\/div>\n\t\t","protected":false},"excerpt":{"rendered":"<p>Iglesia IDGES Alto Ford Sincelejo Calle 13 # 22-41 altoford@iglesiaidges.org VER TODA LA ZONA Servicio Congregacional Domingos: 8:00 AM y 11:00 AM Predicaci\u00f3n Martes: 7:00 PM Predicaci\u00f3n Mi\u00e9rcoles: 9:00 AM. [&hellip;]<\/p>\n","protected":false},"author":1,"featured_media":0,"parent":0,"menu_order":0,"comment_status":"closed","ping_status":"closed","template":"","meta":{"site-sidebar-layout":"no-sidebar","site-content-layout":"","ast-site-content-layout":"full-width-container","site-content-style":"default","site-sidebar-style":"default","ast-global-header-display":"","ast-banner-title-visibility":"","ast-main-header-display":"","ast-hfb-above-header-display":"","ast-hfb-below-header-display":"","ast-hfb-mobile-header-display":"","site-post-title":"disabled","ast-breadcrumbs-content":"","ast-featured-img":"disabled","footer-sml-layout":"","ast-disable-related-posts":"","theme-transparent-header-meta":"","adv-header-id-meta":"","stick-header-meta":"","header-above-stick-meta":"","header-main-stick-meta":"","header-below-stick-meta":"","astra-migrate-meta-layouts":"default","ast-page-background-enabled":"default","ast-page-background-meta":{"desktop":{"background-color":"var(--ast-global-color-5)","background-image":"","background-repeat":"repeat","background-position":"center center","background-size":"auto","background-attachment":"scroll","background-type":"","background-media":"","overlay-type":"","overlay-color":"","overlay-opacity":"","overlay-gradient":""},"tablet":{"background-color":"","background-image":"","background-repeat":"repeat","background-position":"center center","background-size":"auto","background-attachment":"scroll","background-type":"","background-media":"","overlay-type":"","overlay-color":"","overlay-opacity":"","overlay-gradient":""},"mobile":{"background-color":"","background-image":"","background-repeat":"repeat","background-position":"center center","background-size":"auto","background-attachment":"scroll","background-type":"","background-media":"","overlay-type":"","overlay-color":"","overlay-opacity":"","overlay-gradient":""}},"ast-content-background-meta":{"desktop":{"background-color":"var(--ast-global-color-4)","background-image":"","background-repeat":"repeat","background-position":"center center","background-size":"auto","background-attachment":"scroll","background-type":"","background-media":"","overlay-type":"","overlay-color":"","overlay-opacity":"","overlay-gradient":""},"tablet":{"background-color":"var(--ast-global-color-4)","background-image":"","background-repeat":"repeat","background-position":"center center","background-size":"auto","background-attachment":"scroll","background-type":"","background-media":"","overlay-type":"","overlay-color":"","overlay-opacity":"","overlay-gradient":""},"mobile":{"background-color":"var(--ast-global-color-4)","background-image":"","background-repeat":"repeat","background-position":"center center","background-size":"auto","background-attachment":"scroll","background-type":"","background-media":"","overlay-type":"","overlay-color":"","overlay-opacity":"","overlay-gradient":""}},"footnotes":""},"class_list":["post-2245","page","type-page","status-publish","hentry"],"_links":{"self":[{"href":"https:\/\/www.iglesiaidges.org\/index.php\/wp-json\/wp\/v2\/pages\/2245","targetHints":{"allow":["GET"]}}],"collection":[{"href":"https:\/\/www.iglesiaidges.org\/index.php\/wp-json\/wp\/v2\/pages"}],"about":[{"href":"https:\/\/www.iglesiaidges.org\/index.php\/wp-json\/wp\/v2\/types\/page"}],"author":[{"embeddable":true,"href":"https:\/\/www.iglesiaidges.org\/index.php\/wp-json\/wp\/v2\/users\/1"}],"replies":[{"embeddable":true,"href":"https:\/\/www.iglesiaidges.org\/index.php\/wp-json\/wp\/v2\/comments?post=2245"}],"version-history":[{"count":29,"href":"https:\/\/www.iglesiaidges.org\/index.php\/wp-json\/wp\/v2\/pages\/2245\/revisions"}],"predecessor-version":[{"id":4975,"href":"https:\/\/www.iglesiaidges.org\/index.php\/wp-json\/wp\/v2\/pages\/2245\/revisions\/4975"}],"wp:attachment":[{"href":"https:\/\/www.iglesiaidges.org\/index.php\/wp-json\/wp\/v2\/media?parent=2245"}],"curies":[{"name":"wp","href":"https:\/\/api.w.org\/{rel}","templated":true}]}}