{"id":5096,"date":"2026-02-27T14:32:28","date_gmt":"2026-02-27T19:32:28","guid":{"rendered":"https:\/\/www.iglesiaidges.org\/?page_id=5096"},"modified":"2026-02-27T20:41:07","modified_gmt":"2026-02-28T01:41:07","slug":"ministerios-pastoral","status":"publish","type":"page","link":"https:\/\/www.iglesiaidges.org\/index.php\/ministerios-pastoral\/","title":{"rendered":"Ministerios Pastoral"},"content":{"rendered":"\t\t<div data-elementor-type=\"wp-page\" data-elementor-id=\"5096\" class=\"elementor elementor-5096\" data-elementor-post-type=\"page\">\n\t\t\t\t<div class=\"elementor-element elementor-element-b4fbdea e-flex e-con-boxed e-con e-parent\" data-id=\"b4fbdea\" data-element_type=\"container\">\n\t\t\t\t\t<div class=\"e-con-inner\">\n\t\t\t\t<div class=\"elementor-element elementor-element-a54be49 elementor-widget elementor-widget-heading\" data-id=\"a54be49\" data-element_type=\"widget\" data-widget_type=\"heading.default\">\n\t\t\t\t\t<h2 class=\"elementor-heading-title elementor-size-default\">Ministerios Pastoral<\/h2>\t\t\t\t<\/div>\n\t\t\t\t\t<\/div>\n\t\t\t\t<\/div>\n\t\t<div class=\"elementor-element elementor-element-683c2b5 e-flex e-con-boxed e-con e-parent\" data-id=\"683c2b5\" data-element_type=\"container\">\n\t\t\t\t\t<div class=\"e-con-inner\">\n\t\t<div class=\"elementor-element elementor-element-b12960e e-con-full e-flex e-con e-child\" data-id=\"b12960e\" data-element_type=\"container\">\n\t\t\t\t<div class=\"elementor-element elementor-element-fb086b4 elementor-widget elementor-widget-image\" data-id=\"fb086b4\" data-element_type=\"widget\" data-widget_type=\"image.default\">\n\t\t\t\t\t\t\t\t\t\t\t\t\t\t\t<img fetchpriority=\"high\" decoding=\"async\" width=\"1024\" height=\"768\" src=\"https:\/\/www.iglesiaidges.org\/wp-content\/uploads\/2026\/02\/Ministerio-pastoral-1024x768.jpg\" class=\"attachment-large size-large wp-image-5098\" alt=\"\" srcset=\"https:\/\/www.iglesiaidges.org\/wp-content\/uploads\/2026\/02\/Ministerio-pastoral-1024x768.jpg 1024w, https:\/\/www.iglesiaidges.org\/wp-content\/uploads\/2026\/02\/Ministerio-pastoral-300x225.jpg 300w, https:\/\/www.iglesiaidges.org\/wp-content\/uploads\/2026\/02\/Ministerio-pastoral-768x576.jpg 768w, https:\/\/www.iglesiaidges.org\/wp-content\/uploads\/2026\/02\/Ministerio-pastoral-1536x1152.jpg 1536w, https:\/\/www.iglesiaidges.org\/wp-content\/uploads\/2026\/02\/Ministerio-pastoral-2048x1536.jpg 2048w\" sizes=\"(max-width: 1024px) 100vw, 1024px\" \/>\t\t\t\t\t\t\t\t\t\t\t\t\t\t\t<\/div>\n\t\t\t\t<\/div>\n\t\t<div class=\"elementor-element elementor-element-d16ddcf e-con-full e-flex e-con e-child\" data-id=\"d16ddcf\" data-element_type=\"container\">\n\t\t\t\t<div class=\"elementor-element elementor-element-6060d3e elementor-widget elementor-widget-text-editor\" data-id=\"6060d3e\" data-element_type=\"widget\" data-widget_type=\"text-editor.default\">\n\t\t\t\t\t\t\t\t\t<p>Cuando hubieron comido, Jes\u00fas dijo a Sim\u00f3n Pedro: Sim\u00f3n, hijo de Jon\u00e1s, \u00bfme amas m\u00e1s que \u00e9stos? Le respondi\u00f3: S\u00ed, Se\u00f1or; t\u00fa sabes que te amo. El le dijo: Apacienta mis corderos. <br \/>Jua 21:16 Volvi\u00f3 a decirle la segunda vez: Sim\u00f3n, hijo de Jon\u00e1s, \u00bfme amas? Pedro le respondi\u00f3: S\u00ed, Se\u00f1or; t\u00fa sabes que te amo. Le dijo: Pastorea mis ovejas. <br \/>Le dijo la tercera vez: Sim\u00f3n, hijo de Jon\u00e1s, \u00bfme amas? Pedro se entristeci\u00f3 de que le dijese la tercera vez: \u00bfMe amas? y le respondi\u00f3: Se\u00f1or, t\u00fa lo sabes todo; t\u00fa sabes que te amo. Jes\u00fas le dijo: Apacienta mis ovejas.<br \/><strong>Juan 21:15-17<\/strong><\/p>\t\t\t\t\t\t\t\t<\/div>\n\t\t\t\t<\/div>\n\t\t\t\t\t<\/div>\n\t\t\t\t<\/div>\n\t\t<div class=\"elementor-element elementor-element-4d9f897 e-flex e-con-boxed e-con e-parent\" data-id=\"4d9f897\" data-element_type=\"container\">\n\t\t\t\t\t<div class=\"e-con-inner\">\n\t\t\t\t<div class=\"elementor-element elementor-element-cff8016 elementor-widget elementor-widget-text-editor\" data-id=\"cff8016\" data-element_type=\"widget\" data-widget_type=\"text-editor.default\">\n\t\t\t\t\t\t\t\t\t<ul><li><em>\u201cApacentad la grey de Dios que est\u00e1 entre vosotros, cuidando de ella, no por fuerza, sino voluntariamente; no por ganancia deshonesta, sino con \u00e1nimo pronto.\u201d <\/em><em>1 Pedro 5:2<br \/><br \/><\/em><\/li><li><em>\u201cObedeced a vuestros pastores, y sujetaos a ellos; porque ellos velan por vuestras almas, como quienes han de dar cuenta\u2026\u201d Hebreos 13:17<br \/><br \/><\/em><\/li><li><em>\u201cPor tanto, mirad por vosotros, y por todo el reba\u00f1o en que el Esp\u00edritu Santo os ha puesto por obispos, para apacentar la iglesia del Se\u00f1or, la cual \u00e9l gan\u00f3 por su propia sangre.\u201d <\/em><em>Hechos 20:28<br \/><br \/><\/em><\/li><li><em>\u201cYo soy el buen pastor; el buen pastor su vida da por las ovejas.\u201d <\/em><em>Juan 10:11<br \/><br \/><\/em><\/li><li><em>\u201cY os dar\u00e9 pastores seg\u00fan mi coraz\u00f3n, que os apacienten con ciencia y con inteligencia.\u201d <\/em><em>Jerem\u00edas 3:15<br \/><br \/><\/em><\/li><li><em>\u201cPorque el Cordero que est\u00e1 en medio del trono los pastorear\u00e1, y los guiar\u00e1 a fuentes de aguas de vida.\u201d <\/em><em>Apocalipsis 7:17<\/em><\/li><\/ul>\t\t\t\t\t\t\t\t<\/div>\n\t\t\t\t\t<\/div>\n\t\t\t\t<\/div>\n\t\t<div class=\"elementor-element elementor-element-2882bd7 e-flex e-con-boxed e-con e-parent\" data-id=\"2882bd7\" data-element_type=\"container\">\n\t\t\t\t\t<div class=\"e-con-inner\">\n\t\t\t\t<div class=\"elementor-element elementor-element-b351f2c elementor-align-center elementor-widget elementor-widget-button\" data-id=\"b351f2c\" data-element_type=\"widget\" data-widget_type=\"button.default\">\n\t\t\t\t\t\t\t\t\t\t<a class=\"elementor-button elementor-button-link elementor-size-sm\" href=\"https:\/\/www.iglesiaidges.org\/index.php\/ofrendas-ministerios\/\">\n\t\t\t\t\t\t<span class=\"elementor-button-content-wrapper\">\n\t\t\t\t\t\t\t\t\t<span class=\"elementor-button-text\">VER MAS <\/span>\n\t\t\t\t\t<\/span>\n\t\t\t\t\t<\/a>\n\t\t\t\t\t\t\t\t<\/div>\n\t\t\t\t\t<\/div>\n\t\t\t\t<\/div>\n\t\t\t\t<\/div>\n\t\t","protected":false},"excerpt":{"rendered":"<p>Ministerios Pastoral Cuando hubieron comido, Jes\u00fas dijo a Sim\u00f3n Pedro: Sim\u00f3n, hijo de Jon\u00e1s, \u00bfme amas m\u00e1s que \u00e9stos? Le respondi\u00f3: S\u00ed, Se\u00f1or; t\u00fa sabes que te amo. El le [&hellip;]<\/p>\n","protected":false},"author":1,"featured_media":0,"parent":0,"menu_order":0,"comment_status":"closed","ping_status":"closed","template":"","meta":{"site-sidebar-layout":"no-sidebar","site-content-layout":"","ast-site-content-layout":"full-width-container","site-content-style":"default","site-sidebar-style":"default","ast-global-header-display":"","ast-banner-title-visibility":"","ast-main-header-display":"","ast-hfb-above-header-display":"","ast-hfb-below-header-display":"","ast-hfb-mobile-header-display":"","site-post-title":"disabled","ast-breadcrumbs-content":"","ast-featured-img":"disabled","footer-sml-layout":"","ast-disable-related-posts":"","theme-transparent-header-meta":"","adv-header-id-meta":"","stick-header-meta":"","header-above-stick-meta":"","header-main-stick-meta":"","header-below-stick-meta":"","astra-migrate-meta-layouts":"default","ast-page-background-enabled":"default","ast-page-background-meta":{"desktop":{"background-color":"var(--ast-global-color-5)","background-image":"","background-repeat":"repeat","background-position":"center center","background-size":"auto","background-attachment":"scroll","background-type":"","background-media":"","overlay-type":"","overlay-color":"","overlay-opacity":"","overlay-gradient":""},"tablet":{"background-color":"","background-image":"","background-repeat":"repeat","background-position":"center center","background-size":"auto","background-attachment":"scroll","background-type":"","background-media":"","overlay-type":"","overlay-color":"","overlay-opacity":"","overlay-gradient":""},"mobile":{"background-color":"","background-image":"","background-repeat":"repeat","background-position":"center center","background-size":"auto","background-attachment":"scroll","background-type":"","background-media":"","overlay-type":"","overlay-color":"","overlay-opacity":"","overlay-gradient":""}},"ast-content-background-meta":{"desktop":{"background-color":"var(--ast-global-color-4)","background-image":"","background-repeat":"repeat","background-position":"center center","background-size":"auto","background-attachment":"scroll","background-type":"","background-media":"","overlay-type":"","overlay-color":"","overlay-opacity":"","overlay-gradient":""},"tablet":{"background-color":"var(--ast-global-color-4)","background-image":"","background-repeat":"repeat","background-position":"center center","background-size":"auto","background-attachment":"scroll","background-type":"","background-media":"","overlay-type":"","overlay-color":"","overlay-opacity":"","overlay-gradient":""},"mobile":{"background-color":"var(--ast-global-color-4)","background-image":"","background-repeat":"repeat","background-position":"center center","background-size":"auto","background-attachment":"scroll","background-type":"","background-media":"","overlay-type":"","overlay-color":"","overlay-opacity":"","overlay-gradient":""}},"footnotes":""},"class_list":["post-5096","page","type-page","status-publish","hentry"],"_links":{"self":[{"href":"https:\/\/www.iglesiaidges.org\/index.php\/wp-json\/wp\/v2\/pages\/5096","targetHints":{"allow":["GET"]}}],"collection":[{"href":"https:\/\/www.iglesiaidges.org\/index.php\/wp-json\/wp\/v2\/pages"}],"about":[{"href":"https:\/\/www.iglesiaidges.org\/index.php\/wp-json\/wp\/v2\/types\/page"}],"author":[{"embeddable":true,"href":"https:\/\/www.iglesiaidges.org\/index.php\/wp-json\/wp\/v2\/users\/1"}],"replies":[{"embeddable":true,"href":"https:\/\/www.iglesiaidges.org\/index.php\/wp-json\/wp\/v2\/comments?post=5096"}],"version-history":[{"count":22,"href":"https:\/\/www.iglesiaidges.org\/index.php\/wp-json\/wp\/v2\/pages\/5096\/revisions"}],"predecessor-version":[{"id":5433,"href":"https:\/\/www.iglesiaidges.org\/index.php\/wp-json\/wp\/v2\/pages\/5096\/revisions\/5433"}],"wp:attachment":[{"href":"https:\/\/www.iglesiaidges.org\/index.php\/wp-json\/wp\/v2\/media?parent=5096"}],"curies":[{"name":"wp","href":"https:\/\/api.w.org\/{rel}","templated":true}]}}

<div data-elementor-type="wp-page" data-elementor-id="5096" class="elementor elementor-5096" data-elementor-post-type="page">
				<div class="elementor-element elementor-element-b4fbdea e-flex e-con-boxed e-con e-parent" data-id="b4fbdea" data-element_type="container">
					<div class="e-con-inner">
				<div class="elementor-element elementor-element-a54be49 elementor-widget elementor-widget-heading" data-id="a54be49" data-element_type="widget" data-widget_type="heading.default">
					<h2 class="elementor-heading-title elementor-size-default">Ministerios Pastoral</h2>				</div>
					</div>
				</div>
		<div class="elementor-element elementor-element-683c2b5 e-flex e-con-boxed e-con e-parent" data-id="683c2b5" data-element_type="container">
					<div class="e-con-inner">
		<div class="elementor-element elementor-element-b12960e e-con-full e-flex e-con e-child" data-id="b12960e" data-element_type="container">
				<div class="elementor-element elementor-element-fb086b4 elementor-widget elementor-widget-image" data-id="fb086b4" data-element_type="widget" data-widget_type="image.default">
															<img fetchpriority="high" decoding="async" width="1024" height="768" src="https://www.iglesiaidges.org/wp-content/uploads/2026/02/Ministerio-pastoral-1024x768.jpg" class="attachment-large size-large wp-image-5098" alt="" srcset="https://www.iglesiaidges.org/wp-content/uploads/2026/02/Ministerio-pastoral-1024x768.jpg 1024w, https://www.iglesiaidges.org/wp-content/uploads/2026/02/Ministerio-pastoral-300x225.jpg 300w, https://www.iglesiaidges.org/wp-content/uploads/2026/02/Ministerio-pastoral-768x576.jpg 768w, https://www.iglesiaidges.org/wp-content/uploads/2026/02/Ministerio-pastoral-1536x1152.jpg 1536w, https://www.iglesiaidges.org/wp-content/uploads/2026/02/Ministerio-pastoral-2048x1536.jpg 2048w" sizes="(max-width: 1024px) 100vw, 1024px" />															</div>
				</div>
		<div class="elementor-element elementor-element-d16ddcf e-con-full e-flex e-con e-child" data-id="d16ddcf" data-element_type="container">
				<div class="elementor-element elementor-element-6060d3e elementor-widget elementor-widget-text-editor" data-id="6060d3e" data-element_type="widget" data-widget_type="text-editor.default">
									<p>Cuando hubieron comido, Jesús dijo a Simón Pedro: Simón, hijo de Jonás, ¿me amas más que éstos? Le respondió: Sí, Señor; tú sabes que te amo. El le dijo: Apacienta mis corderos. <br />Jua 21:16 Volvió a decirle la segunda vez: Simón, hijo de Jonás, ¿me amas? Pedro le respondió: Sí, Señor; tú sabes que te amo. Le dijo: Pastorea mis ovejas. <br />Le dijo la tercera vez: Simón, hijo de Jonás, ¿me amas? Pedro se entristeció de que le dijese la tercera vez: ¿Me amas? y le respondió: Señor, tú lo sabes todo; tú sabes que te amo. Jesús le dijo: Apacienta mis ovejas.<br /><strong>Juan 21:15-17</strong></p>								</div>
				</div>
					</div>
				</div>
		<div class="elementor-element elementor-element-4d9f897 e-flex e-con-boxed e-con e-parent" data-id="4d9f897" data-element_type="container">
					<div class="e-con-inner">
				<div class="elementor-element elementor-element-cff8016 elementor-widget elementor-widget-text-editor" data-id="cff8016" data-element_type="widget" data-widget_type="text-editor.default">
									<ul><li><em>“Apacentad la grey de Dios que está entre vosotros, cuidando de ella, no por fuerza, sino voluntariamente; no por ganancia deshonesta, sino con ánimo pronto.” </em><em>1 Pedro 5:2<br /><br /></em></li><li><em>“Obedeced a vuestros pastores, y sujetaos a ellos; porque ellos velan por vuestras almas, como quienes han de dar cuenta…” Hebreos 13:17<br /><br /></em></li><li><em>“Por tanto, mirad por vosotros, y por todo el rebaño en que el Espíritu Santo os ha puesto por obispos, para apacentar la iglesia del Señor, la cual él ganó por su propia sangre.” </em><em>Hechos 20:28<br /><br /></em></li><li><em>“Yo soy el buen pastor; el buen pastor su vida da por las ovejas.” </em><em>Juan 10:11<br /><br /></em></li><li><em>“Y os daré pastores según mi corazón, que os apacienten con ciencia y con inteligencia.” </em><em>Jeremías 3:15<br /><br /></em></li><li><em>“Porque el Cordero que está en medio del trono los pastoreará, y los guiará a fuentes de aguas de vida.” </em><em>Apocalipsis 7:17</em></li></ul>								</div>
					</div>
				</div>
		<div class="elementor-element elementor-element-2882bd7 e-flex e-con-boxed e-con e-parent" data-id="2882bd7" data-element_type="container">
					<div class="e-con-inner">
				<div class="elementor-element elementor-element-b351f2c elementor-align-center elementor-widget elementor-widget-button" data-id="b351f2c" data-element_type="widget" data-widget_type="button.default">
										<a class="elementor-button elementor-button-link elementor-size-sm" href="https://www.iglesiaidges.org/index.php/ofrendas-ministerios/">
						<span class="elementor-button-content-wrapper">
									<span class="elementor-button-text">VER MAS </span>
					</span>
					</a>
								</div>
					</div>
				</div>
				</div>

<p>Ministerios Pastoral Cuando hubieron comido, Jesús dijo a Simón Pedro: Simón, hijo de Jonás, ¿me amas más que éstos? Le respondió: Sí, Señor; tú sabes que te amo. El le [&hellip;]</p>
